{"id":2152,"date":"2015-11-22T22:10:47","date_gmt":"2015-11-22T21:10:47","guid":{"rendered":"http:\/\/neuschneemusik.org\/w\/?product=schneckenkoenig"},"modified":"2023-01-02T23:11:34","modified_gmt":"2023-01-02T22:11:34","slug":"schneckenkoenig","status":"publish","type":"product","link":"https:\/\/neuschneemusik.org\/?product=schneckenkoenig","title":{"rendered":"Schneckenk\u00f6nig (CD)"},"content":{"rendered":"<div class=\"wpb-content-wrapper\"><p style=\"text-align: left;\"><span style=\"color: #000000;\"><strong>Digital gerade nur hier erh\u00e4ltlich:<\/strong><\/span><\/p>\n<p>[vc_btn title=&#8220;Bandcamp&#8220; style=&#8220;flat&#8220; shape=&#8220;square&#8220; color=&#8220;danger&#8220; align=&#8220;center&#8220; link=&#8220;url:http%3A%2F%2Fneuschneemusik.bandcamp.com%2Falbum%2Fschneckenk-nig||target:%20_blank&#8220;][\/vc_column][\/vc_row]<\/p>\n<h6><span style=\"color: #000000;\">release date: \u00a008.04. 2016 (LP, CD, digital)<\/span><span style=\"color: #000000;\"><br \/>\n<\/span><\/h6>\n<p><span style=\"color: #000000;\">Das Album \u201eSchneckenk\u00f6nig\u201c der Wiener Band Neuschnee ist ein wundersames Popm\u00e4rchen und eine Metapher f\u00fcr den Um- und Aufbruch im Leben eines Menschen.<br \/>\nEs beschreibt die Reise eines rastlosen K\u00f6nigs durch sein aus dem Gleichgewicht geratenes Reich. Sie beginnt im irdischen \u201eHotel zum Paradies\u201c in einem der kleinen Zimmer mit gro\u00dfer Aussicht und endet in den gro\u00dfen Weiten des Universums. Auf der Suche nach der Antwort auf die Frage, ob \u201enicht Sinn sondern Bewegung \u00fcber allem thront\u201c, trifft er unterwegs auf andere rastlose Gestalten, deren Geschichen ihm neue Hoffnung geben.<\/span><\/p>\n<p><span style=\"color: #000000;\">Auf seinem Weg erkennt der K\u00f6nig schon bald, dass Gl\u00fcck kein \u00e4u\u00dferes Ziel, sondern ein innerer Zustand ist &#8211; und damit vor allem eine Frage der Einstellung. Wenn er also am Ende seiner langen Reise im Weltall ankommt und das letzte St\u00fcck des Albums mit Chor, Bl\u00e4sern und orchestralen Streichern episch ausklingt, wird klar: Schmerz und Freude sind auf einer tieferen Ebene miteinander verwoben und diese Erkenntnis beunruhigt nicht nur, nein, sie macht auch Sinn \u2013 und sie tr\u00f6stet, ungemein.<\/span><br \/>\n<span style=\"color: #000000;\"> And when you leave the orbit<\/span><br \/>\n<span style=\"color: #000000;\"> Please don\u2019t hide your face<\/span><br \/>\n<span style=\"color: #000000;\"> Cause after all, after all<\/span><br \/>\n<span style=\"color: #000000;\"> Tears don\u2019t fall in space<\/span><\/p>\n<p><span style=\"color: #000000;\">Tracklist:<\/span><\/p>\n<ol>\n<li><span style=\"color: #000000;\">01 Schneckenk\u00f6nig (Prolog)<\/span><\/li>\n<li><span style=\"color: #000000;\">02 Des Kaisers neue Kleider<\/span><\/li>\n<li><span style=\"color: #000000;\">03 Gro\u00dfstadtgewitter<\/span><\/li>\n<li><span style=\"color: #000000;\">04 Nimm mich mit, wenn du gehst<\/span><\/li>\n<li><span style=\"color: #000000;\">05 Blatt im Wind<\/span><\/li>\n<li><span style=\"color: #000000;\">06 Das gro\u00dfe Vielleicht<\/span><\/li>\n<li><span style=\"color: #000000;\">07 Seemann ohne Schiff<\/span><\/li>\n<li><span style=\"color: #000000;\">08 La Folia<\/span><\/li>\n<li><span style=\"color: #000000;\">09 Planeten<\/span><\/li>\n<li><span style=\"color: #000000;\">10 Planeten (Epilog)<\/span><\/li>\n<\/ol>\n<\/div>","protected":false},"excerpt":{"rendered":"<p>&nbsp;<\/p>\n<p>&nbsp;<\/p>\n","protected":false},"featured_media":2085,"template":"","meta":[],"product_cat":[38],"product_tag":[],"_links":{"self":[{"href":"https:\/\/neuschneemusik.org\/index.php?rest_route=\/wp\/v2\/product\/2152"}],"collection":[{"href":"https:\/\/neuschneemusik.org\/index.php?rest_route=\/wp\/v2\/product"}],"about":[{"href":"https:\/\/neuschneemusik.org\/index.php?rest_route=\/wp\/v2\/types\/product"}],"wp:featuredmedia":[{"embeddable":true,"href":"https:\/\/neuschneemusik.org\/index.php?rest_route=\/wp\/v2\/media\/2085"}],"wp:attachment":[{"href":"https:\/\/neuschneemusik.org\/index.php?rest_route=%2Fwp%2Fv2%2Fmedia&parent=2152"}],"wp:term":[{"taxonomy":"product_cat","embeddable":true,"href":"https:\/\/neuschneemusik.org\/index.php?rest_route=%2Fwp%2Fv2%2Fproduct_cat&post=2152"},{"taxonomy":"product_tag","embeddable":true,"href":"https:\/\/neuschneemusik.org\/index.php?rest_route=%2Fwp%2Fv2%2Fproduct_tag&post=2152"}],"curies":[{"name":"wp","href":"https:\/\/api.w.org\/{rel}","templated":true}]}}